 - 2. What is a(o)?
9
Suppose 550 = -81*m - 29*m. Let l(j) = 5*j + 37. What is l(m)?
12
Let z(j) = j + 17. Let o be z(-7). Let x = o + 0. Let s(b) = -33*b - 37 + 11*b + 46 + 11*b + 10*b. What is s(x)?
-1
Let w(g) = g**3 - 5*g**2 + g. Let x be (0 - -3) + (-3)/((-3)/(-2)). Let b be x - -3 - 80/(-16). Suppose -b = -2*n - 5*i + 4*i, -3*n - 4*i = -11. Calculate w(n).
5
Let f(h) be the first derivative of -2*h**3/3 + 5*h**2/2 - 3*h + 1. Let s be f(3). Let n(b) = -4584*b**2 + 9169*b**2 + 5*b - 1 - 4584*b**2. Calculate n(s).
5
Let j(u) = -4*u + 6. Let h(w) = 5*w**3 + 4*w**2 + 5*w + 6. Let i(v) = -11*v**3 - 7*v**2 - 9*v - 11. Let k(q) = -9*h(q) - 4*i(q). Let d be k(-7). What is j(d)?
-10
Let z(x) = -x**3 - 6*x**2 + 3*x - 4. Let q(k) = -k**3 + 6*k**2 + 4*k + 14. Suppose r + t - 4 = 0, 0 = -4*r + 5*t + 12 + 31. Let n be q(r). Calculate z(n).
24
Let q = -12111 + 12102. Let l(n) = n**2 + 10*n + 4. Calculate l(q).
-5
Let r(k) = k**2 - 2*k - 1. Let b(t) = 59*t - 321. Let n(y) = 29*y - 160. Let d(j) = -2*b(j) + 5*n(j). Let h be d(6). Calculate r(h).
7
Let s(d) = d**3 - 31*d**2 + 52*d - 672. Let r be s(30). Let h(o) = o**2 + 14*o - 14. What is h(r)?
-38
Let y(w) = 45*w - 360. Let x be y(8). Let m(u) = 5*u**2 - u + 6. Calculate m(x).
6
Let r(y) = -20 - 9*y**2 + 3*y**2 + 0 + 4*y**2 + 3*y**2. Give r(6).
16
Let o(q) = 3*q + 22. Suppose 9*l - 8*l = -p + 2, -2*p + 1 = 3*l. Suppose -p*i = -97 + 132. What is o(i)?
1
Let b(g) = -13*g**2 + 5*g. Suppose -76*u + 77*u - 2 = 0. Give b(u).
-42
Let z(p) be the third derivative of -77*p**4/12 + 51*p**3/2 - 195*p**2 - 9. Give z(1).
-1
Let b(l) = -l - 2. Suppose -7*p + 3*p + 144 = 0. Let z = p - 45. Let c(i) = -i**3 - 8*i**2 + 9*i - 6. Let k be c(z). Give b(k).
4
Suppose 144*s + 96*s - 792 = 42*s. Let v(c) be the first derivative of c**4/4 - 2*c**3/3 - 2*c**2 + 2*c + 3. What is v(s)?
18
Let p = 3645 + -3644. Let f(a) = 10*a**2 + 4*a - 3. Calculate f(p).
11
Suppose -2*i + 2 = 2*j, 0 = 2*i - 5*i + 3. Suppose j = 2*h - 8 - 8. Let r(v) = -4 + 1 + 0*v - h*v + 3*v. Determine r(-4).
17
Let c(g) = g**3 + 2*g + 5. Let n be (-5)/(-35) - 519/7 - -3. Let z = n - -71. Let r be c(z). Let b(l) = -l**2 + 5*l - 5. Give b(r).
-5
Let b(n) be the second derivative of -17/6*n**3 + 14*n + 1/24*n**4 + 1/24*n**5 + 1/360*n**6 + 0*n**2 + 0. Let l(y) be the second derivative of b(y). Give l(-4).
-3
Let o(b) = -b**2 - 7*b + 1. Let w be 18/12*-3*(-4)/9. Suppose 0 = -3*h - 9, -w*h = 11*d - 16*d - 29. Give o(d).
1
Let l(q) = -37*q - 14. Let z(h) = -18*h - 14. Let k(c) = -5*l(c) + 11*z(c). Calculate k(-6).
-6
Let d(y) = 160 + 229 + 13*y - y**2 - 438. Calculate d(7).
-7
Let z be 7/2 - 1/2. Let b(n) = -31*n - 8 + 7 - 39*n - 11 + 2*n. Let h(m) = 5*m + 1. Let u(w) = 2*b(w) + 28*h(w). Calculate u(z).
16
Let x(a) = -a**3 + 5*a**2 - 4*a - 1. Let r(k) = 4*k**2 - 81*k + 307. Let u be r(5). Give x(u).
3
Suppose 9*d - 6*d = 1623. Suppose -18 = -544*m + d*m. Let h(f) = f**3 - 5*f**2 - 6*f. What is h(m)?
0
Suppose 45 = 11*q - 10. Let x(z) = -2*z - 2 + 3*z**2 - 4*z**2 + 5 + q*z. Suppose 5 + 15 = 5*w. What is x(w)?
-1
Let q(n) = -9*n - 38. Let g(z) = -5*z**3 - 16*z**2 + 2*z + 10. Let w be g(-3). Determine q(w).
7
Let w(h) = -1177*h + 72. Let c(b) = -5648*b + 360. Let j(l) = -5*c(l) + 24*w(l). Give j(-6).
-24
Let l(j) = -j**3 - j**2 - 4. Let c(h) = 8*h**2 - 4*h - 5. Let r be c(-1). Let y(u) = 6*u - 42. Let n be y(r). Determine l(n).
-4
Let o(r) = -20 + 160 - 6 - 41*r + 416 + 15*r. What is o(21)?
4
Let h(i) = -i - 7. Let s be ((260/15)/2)/(2/(-51)). Let g = s - -226. What is h(g)?
-12
Let a = 130 - 134. Let w(b) = b**2 - 2*b - 13. Calculate w(a).
11
Let s be 6/(1/(2 - 3)). Let n(j) be the first derivative of j**3/6 + 3*j**2 + 38*j - 68. Let f(w) be the first derivative of n(w). Give f(s).
0
Let l(b) be the third derivative of -b**4/4 + b**3/3 + b**2. Let s = 3639 - 3637. Determine l(s).
-10
Let i = -22 - -24. Let r(m) = -6*m**3 + 9*m**2 - 19*m + 2. Let w(y) = 2*y**3 - 3*y**2 + 6*y - 1. Let d(c) = 2*r(c) + 7*w(c). What is d(i)?
9
Let d(c) = -2*c**2 + 54 - 4 + 13*c - 56. Calculate d(9).
-51
Let y(h) = -133 - 57*h**3 + 3*h - 6*h - 137 + 268. Calculate y(-1).
58
Let k(u) be the first derivative of -11*u**2/2 + 9*u + 457. Determine k(2).
-13
Let l(q) = 1 + 4*q - 7 - q**2 + 0. Let r be 450 - (-5 - (-5 + -1)). Let i = -445 + r. Calculate l(i).
-6
Let h(s) = 3*s**2 - 9*s - 15. Let f be h(6). Let l = f + -35. Suppose l*u - 1 - 7 = 0. Let x(t) = -2*t**2 + 3*t - 2. Determine x(u).
-4
Let n(a) be the first derivative of a**5/30 + a**4/12 + 125*a**3/3 + 152. Let k(i) be the third derivative of n(i). Determine k(2).
10
Let a(h) = -26*h**3 - 6*h**2 + 7*h - 18. Let w(k) = -8*k**3 - 2*k**2 + 2*k - 5. Let t(d) = 3*a(d) - 10*w(d). Calculate t(2).
22
Let n(y) = -y**2 + 2*y + 14. Suppose 0 = 3*d + 7*k - 2*k - 29, -1 = d - k. Suppose 5*v - 13 = d*i, -2*v - 4*i + 21 = -v. Determine n(v).
-1
Let a(d) = 8*d - 29*d + 9 + 33*d**3 + 27*d - 10*d**2 - 32*d**3. What is a(9)?
-18
Let c(o) = o**3 - 43*o**2 + 84*o - 86. Let h be c(41). Let i(g) be the first derivative of g**4/4 + 4*g**3/3 - 3*g**2/2 - 6*g + 15. Give i(h).
6
Let s(g) = g**2 + 10*g - 46. Suppose 0*b - 68 = 5*q + b, 0 = q + 3*b + 8. Calculate s(q).
10
Let q = 175 - 172. Let u(f) = -5*f**3 - f**3 + f + 9*f**2 + 5*f**q - 2*f**3 + 8 + 2*f**3. Give u(9).
17
Suppose 2425 = -8*k + 2233. Let g be 17 + k - (-2 - 7). Let r(q) = -2*q**2 + 9. Let p(c) = c**2 - 4. Let z(w) = -9*p(w) - 4*r(w). What is z(g)?
-4
Let q(d) = -2*d**3 - 34*d**2 + 35*d - 14. Let v be q(-18). Let j(l) = -56 - l**2 + v*l + 97 - 44 - l**3. Calculate j(-4).
29
Suppose 930 = 47*q - 16*q. Let x(m) = -21 + 4*m + q + m**2 + 8*m - 4*m. Calculate x(-6).
-3
Let b(z) = z**2 - 7*z. Let p(c) = c - 1. Let y(u) = -b(u) - p(u). Let v(f) = 7*f - 114. Let q be (68/(-24))/(2/(-12)). Let s be v(q). Give y(s).
6
Let d(i) be the first derivative of i**3/3 + 3*i**2/2 + 3*i + 1451. What is d(-1)?
1
Let q(y) = y**3 - 4*y**2 + 3*y + 3. Suppose 2*k - 5*i + 24 = -0*k, 4*k + 5*i = 12. Let r be 1010/110 - ((-24)/(-11) + k). Suppose 0*p + r = 3*p. What is q(p)?
3
Let m(o) = -7*o + 53. Suppose 180*t = 209 + 1231. Give m(t).
-3
Suppose -125 = -5*a + 4*n + 97, 5*n - 195 = -5*a. Let q be ((-92)/(-69))/(8/a). Let s(m) = m**3 - 6*m**2 - 9*m + 5. Determine s(q).
-9
Suppose 2*s + 3*w + 13 = 4*s, 0 = -4*w - 12. Let k(y) = -22*y**2 + 39*y**2 - 5*y - 19*y**s - 5 + 9. Give k(-4).
-8
Suppose 0 = -5*b + 4*b + 36. Suppose o - b = -5*o. Let f(x) = -o + x + x - x - 2. What is f(-7)?
-15
Let m = -235 + 587. Suppose 15*j = 4*j + m. Suppose 56 - j = 4*c. Let y(k) = k - 7. Give y(c).
-1
Let w = 322 - 892. Let d = w - -579. Let n(x) = 2*x - 18. Give n(d).
0
Let i be (-5)/((-40)/3894) - 1/(-4). Let o = i - 481. Let y(k) = -k. What is y(o)?
-6
Let s(k) = -94*k + 55. Let z(n) = -48*n - 1. Let b(j) = -s(j) + 2*z(j). Determine b(-30).
3
Let o(b) be the third derivative of b**5/60 - b**4/12 + b**3/6 - 7*b**2. Suppose 0 = h - f - 6, 5*h + 1 = f + 15. Determine o(h).
1
Let f(c) = 24*c**2 + 9*c**2 + 5*c**2 - 32*c + 34*c - 6 - 39*c**2. Give f(-6).
-54
Let v be (-1)/(0 - -3 - 2). Let k(d) = -66*d + 50. Let x(a) = -16*a + 11. Let c(q) = -2*k(q) + 9*x(q). What is c(v)?
11
Let w(r) be the second derivative of -r**5/20 - r**4/6 + r**3/6 + r**2 + 8238*r. Let y(a) = 1 - a + 2 + 0*a. Let j be y(5). What is w(j)?
0
Let x(t) be the first derivative of -3*t**3 + t**2 - t - 1. Let z(a) = 8*a**2 + a + 9. Let m be z(-5). Suppose -203*r = -m*r + 1. Calculate x(r).
-8
Let c(y) be the second derivative of -122 + y - 1/3*y**4 + 1/20*y**5 - 3/2*y**2 - 5/6*y**3. Calculate c(5).
-3
Let g(i) = -3*i - 7. Let m be g(-5). Let n(a) = -a**3 - 2*a**2 + 4*a + 3. Let h(d) = -9*d**2 - 4*d + 3. Let s(r) = h(r) - n(r). Calculate s(m).
0
Let o(a) = a**3 - 5*a**2 - a - 2. Let m = 25 + -23. Let f be m/(-6) - 966/(-63). Suppose -67*p + 70*p = f. What is o(p)?
-7
Let r be (1108/20 - (-16)/(-40)) + -2. Let t(w) = r*w**2 + 0 + 4*w - 5 - 52*w**2. Let v be (-20)/3 - (-6)/9. Calculate t(v).
7
Let g(b) = b**2 - 13*b. Let x = 84 + -77. Let w be 16 + (0 - 21)/x. Give g(w).
0
Suppose -4*w = -5*w + 4. Let g be w*(-3 + 21/6). Let f(s) = -1 + 5 + s - s**g - 7. Determine f(0).
-3
Let v = 8 + -40. Suppose 3*o - f = -2*f + 90, -o = 5*f - 44. Let i = o + v. Let d(w) = -w**3 - 4*w**2 - 3*w. Det